y 24?
15
Calculate the remainder when 3249 is divided by 163.
152
Calculate the remainder when 91 is divided by 63.
28
What is the remainder when 156 is divided by 85?
71
Calculate the remainder when 360 is divided by 17.
3
What is the remainder when 24507 is divided by 127?
123
What is the remainder when 7949 is divided by 159?
158
What is the remainder when 1119 is divided by 2?
1
Calculate the remainder when 167 is divided by 12.
11
Calculate the remainder when 137 is divided by 36.
29
Calculate the remainder when 1140 is divided by 33.
18
What is the remainder when 188 is divided by 45?
8
Calculate the remainder when 94 is divided by 33.
28
Calculate the remainder when 154 is divided by 44.
22
Calculate the remainder when 117 is divided by 117.
0
What is the remainder when 36818 is divided by 57?
53
What is the remainder when 7497 is divided by 25?
22
Calculate the remainder when 600 is divided by 79.
47
Calculate the remainder when 5223 is divided by 37.
6
What is the remainder when 176 is divided by 54?
14
Calculate the remainder when 52518 is divided by 65.
63
What is the remainder when 463 is divided by 100?
63
What is the remainder when 292 is divided by 36?
4
Calculate the remainder when 7421 is divided by 58.
55
What is the remainder when 100 is divided by 31?
7
Calculate the remainder when 234 is divided by 11.
3
Calculate the remainder when 125 is divided by 21.
20
What is the remainder when 3913 is divided by 433?
16
What is the remainder when 369 is divided by 12?
9
Calculate the remainder when 90 is divided by 77.
13
What is the remainder when 5835 is divided by 47?
7
Calculate the remainder when 5663 is divided by 59.
58
What is the remainder when 2466 is divided by 38?
34
What is the remainder when 375 is divided by 27?
24
What is the remainder when 164 is divided by 79?
6
What is the remainder when 337 is divided by 107?
16
Calculate the remainder when 70 is divided by 24.
22
Calculate the remainder when 3489 is divided by 50.
39
What is the remainder when 1348 is divided by 85?
73
What is the remainder when 547 is divided by 59?
16
What is the remainder when 142 is divided by 12?
10
What is the remainder when 132 is divided by 46?
40
Calculate the remainder when 306 is divided by 14.
12
What is the remainder when 7903 is divided by 255?
253
What is the remainder when 205 is divided by 6?
1
What is the remainder when 1219 is divided by 51?
46
What is the remainder when 388 is divided by 31?
16
What is the remainder when 109 is divided by 49?
11
Calculate the remainder when 659 is divided by 11.
10
Calculate the remainder when 19 is divided by 12.
7
What is the remainder when 218 is divided by 143?
75
Calculate the remainder when 472 is divided by 32.
24
Calculate the remainder when 216 is divided by 16.
8
Calculate the remainder when 808 is divided by 30.
28
Calculate the remainder when 122 is divided by 120.
2
Calculate the remainder when 14 is divided by 13.
1
What is the remainder when 333 is divided by 28?
25
Calculate the remainder when 374 is divided by 32.
22
Calculate the remainder when 61 is divided by 40.
21
What is the remainder when 698 is divided by 30?
8
Calculate the remainder when 205 is divided by 16.
13
Calculate the remainder when 1035 is divided by 253.
23
Calculate the remainder when 29 is divided by 17.
12
What is the remainder when 251 is divided by 18?
17
What is the remainder when 589 is divided by 155?
124
Calculate the remainder when 56 is divided by 36.
20
Calculate the remainder when 328 is divided by 255.
73
Calculate the remainder when 92 is divided by 3.
2
Calculate the remainder when 224 is divided by 43.
9
What is the remainder when 319 is divided by 96?
31
Calculate the remainder when 292 is divided by 3.
1
What is the remainder when 1204 is divided by 48?
4
Calculate the remainder when 13708 is divided by 55.
13
Calculate the remainder when 7375 is divided by 26.
17
What is the remainder when 2115 is divided by 73?
71
What is the remainder when 291 is divided by 60?
51
What is the remainder when 298 is divided by 17?
9
Calculate the remainder when 5739 is divided by 20.
19
What is the remainder when 601 is divided by 226?
149
Calculate the remainder when 250 is divided by 53.
38
Calculate the remainder when 2176 is divided by 114.
10
Calculate the remainder when 1244 is divided by 50.
44
What is the remainder when 305 is divided by 34?
33
What is the remainder when 20766 is divided by 335?
331
What is the remainder when 212 is divided by 71?
70
What is the remainder when 280 is divided by 81?
37
Calculate the remainder when 66 is divided by 17.
15
What is the remainder when 103 is divided by 58?
45
Calculate the remainder when 936 is divided by 33.
12
What is the remainder when 1751 is divided by 292?
291
Calculate the remainder when 271 is divided by 30.
1
What is the remainder when 381 is divided by 182?
17
What is the remainder when 207 is divided by 42?
39
Calculate the remainder when 250 is divided by 18.
16
What is the remainder when 90 is divided by 74?
16
What is the remainder when 467 is divided by 129?
80
What is the remainder when 5218 is divided by 12?
10
What is the remainder when 280 is divided by 69?
4
Calculate the remainder when 1927 is divided by 14.
9
What is the remainder when 4160 is divided by 1386?
2
Calculate the remainder when 143 is divided by 31.
19
What is the remainder when 139 is divided by 6?
1
Calculate the remainder when 3229 is divided by 14.
9
Calculate the remainder when 7218 is divided by 23.
19
Calculate the remainder when 59 is divided by 32.
27
Calculate the remainder when 925 is divided by 32.
29
Calculate the remainder when 887 is divided by 74.
73
Calculate the remainder when 1003 is divided by 100.
3
What is the remainder when 425 is divided by 13?
9
What is the remainder when 2481 is divided by 27?
24
What is the remainder when 1590 is divided by 145?
140
What is the remainder when 695 is divided by 170?
15
What is the remainder when 26 is divided by 4?
2
What is the remainder when 150 is divided by 79?
71
Calculate the remainder when 247 is divided by 63.
58
What is the remainder when 55 is divided by 33?
22
Calculate the remainder when 96 is divided by 26.
18
What is the remainder when 417 is divided by 30?
27
What is the remainder when 194 is divided by 4?
2
Calculate the remainder when 1484 is divided by 487.
23
What is the remainder when 376 is divided by 19?
15
What is the remainder when 109 is divided by 14?
11
What is the remainder when 113 is divided by 19?
18
What is the remainder when 35 is divided by 20?
15
Calculate the remainder when 687 is divided by 23.
20
What is the remainder when 131 is divided by 36?
23
Calculate the remainder when 89 is divided by 7.
5
What is the remainder when 2306 is divided by 5?
1
Calculate the remainder when 165 is divided by 18.
3
What is the remainder when 42 is divided by 13?
3
Calculate the remainder when 1703 is divided by 78.
65
What is the remainder when 200 is divided by 24?
8
Calculate the remainder when 4830 is divided by 31.
25
What is the remainder when 7179 is divided by 19?
16
What is the remainder when 202 is divided by 27?
13
What is the remainder when 1070 is divided by 520?
30
Calculate the remainder when 12843 is divided by 459.
450
What is the remainder when 1902 is divided by 43?
10
Calculate the remainder when 255 is divided by 58.
23
What is the remainder when 180 is divided by 13?
11
Calculate the remainder when 1796 is divided by 9.
5
What is the remainder when 1288 is divided by 43?
41
Calculate the remainder when 342 is divided by 115.
112
Calculate the remainder when 1611 is divided by 31.
30
What is the remainder when 122 is divided by 100?
22
Calculate the remainder when 557 is divided by 141.
134
What is the remainder when 110 is divided by 14?
12
What is the remainder when 309 is divided by 102?
3
What is the remainder when 896 is divided by 82?
76
What is the remainder when 618 is divided by 13?
7
What is the remainder when 130 is divided by 55?
20
What is the remainder when 11966 is divided by 190?
186
What is the remainder when 913 is divided by 343?
227
What is the remainder when 22879 is divided by 104?
103
What is the remainder when 188 is divided by 21?
20
Wh